{"id":57172,"date":"2023-12-22T00:22:15","date_gmt":"2023-12-21T23:22:15","guid":{"rendered":"https:\/\/www.emartsoccer.es\/eduardo-llanos\/"},"modified":"2024-04-11T10:27:39","modified_gmt":"2024-04-11T08:27:39","slug":"eduardo-llanos","status":"publish","type":"page","link":"https:\/\/www.emartsoccer.es\/en\/eduardo-llanos\/","title":{"rendered":"Eduardo Llanos"},"content":{"rendered":"\t\t<div data-elementor-type=\"wp-page\" data-elementor-id=\"57172\" class=\"elementor elementor-57172 elementor-33261\" data-elementor-post-type=\"page\">\n\t\t\t\t<div class=\"elementor-element elementor-element-6d0f106 e-con-full e-flex e-con e-parent\" data-id=\"6d0f106\" data-element_type=\"container\">\n\t\t\t\t<div class=\"elementor-element elementor-element-719fe41 animated-slow elementor-invisible elementor-widget elementor-widget-heading\" data-id=\"719fe41\" data-element_type=\"widget\" data-settings=\"{&quot;_animation&quot;:&quot;slideInUp&quot;}\" data-widget_type=\"heading.default\">\n\t\t\t\t<div class=\"elementor-widget-container\">\n\t\t\t\t\t<h1 class=\"elementor-heading-title elementor-size-default\">EDUARDO LLANOS<\/h1>\t\t\t\t<\/div>\n\t\t\t\t<\/div>\n\t\t\t\t<div class=\"elementor-element elementor-element-e0503fa animated-slow elementor-invisible elementor-widget elementor-widget-heading\" data-id=\"e0503fa\" data-element_type=\"widget\" data-settings=\"{&quot;_animation&quot;:&quot;slideInUp&quot;}\" data-widget_type=\"heading.default\">\n\t\t\t\t<div class=\"elementor-widget-container\">\n\t\t\t\t\t<h2 class=\"elementor-heading-title elementor-size-default\">key person to understand the professionalization and modernization of the representation of footballers in Spain.<\/h2>\t\t\t\t<\/div>\n\t\t\t\t<\/div>\n\t\t\t\t<\/div>\n\t\t<div class=\"elementor-element elementor-element-8df2d4f e-con-full e-flex elementor-invisible e-con e-parent\" data-id=\"8df2d4f\" data-element_type=\"container\" data-settings=\"{&quot;animation&quot;:&quot;slideInUp&quot;,&quot;animation_delay&quot;:200}\">\n\t\t<div class=\"elementor-element elementor-element-1150411 e-con-full e-flex e-con e-child\" data-id=\"1150411\" data-element_type=\"container\">\n\t\t\t\t<div class=\"elementor-element elementor-element-b78552a elementor-widget__width-initial elementor-widget-mobile__width-initial elementor-widget-tablet__width-initial elementor-widget elementor-widget-text-editor\" data-id=\"b78552a\" data-element_type=\"widget\" data-widget_type=\"text-editor.default\">\n\t\t\t\t<div class=\"elementor-widget-container\">\n\t\t\t\t\t\t\t\t\t<p>In <b>1987<\/b>, he began his career as a coach and scout for <b>CD Logro\u00f1\u00e9s<\/b> in the most glorious and unforgettable time in its history. Promotion and 9 years in First Division being a reference team in Spain at the hands of <b>D. Marcos Eguiz\u00e1bal.<\/b><\/p>\n<p>Starting in March 1991, he decided to turn his career around, creating the representation agency <b>ASESPOR<\/b> and beginning to work as a <b>FIFA Agent<\/b>, as a sports consultant and in the design of humble sports teams and structures and achieving success. These are the cases of <b>SD Lemona, CD Calahorra and Amurrio CF.<\/b><\/p>\n<p>He became one of the first <b>FIFA Agents<\/b> at the national level and at the same time the youngest of the first batch. At the old offices of the <b>Royal Spanish Football Federation<\/b>, Alberto Bosch 13 in Madrid, intermediaries such as <b>Fernando Torcal or Roberto Dale<\/b>, just like him, converged to make their profession official.<\/p>\n<p>From 1994 to 2001, <b>Eduardo Llanos<\/b> began to grow both in representation and business and opening the doors to international football in <b>Europe and South America.<\/b> Thanks to this he began to gain the trust of the football governing bodies.<\/p>\n<p>In 2002 he began his work as an advisor at <b>Levante UD<\/b> under D. <b>Pedro Villarroel,<\/b> achieving two promotions to the <b>First Division<\/b>, the promotion of the subsidiary to bronze category and what is most fundamental: the consolidation of the Club, both in the first team and at the base on the national and international scene. He incorporated coaches such as <b>Manolo Preciado, Jos\u00e9 Manuel Esnal &#8216;Man\u00e9&#8217;, Jos\u00e9 Luis Oltra<\/b> and footballers such as Fabio Celestini, Vladimir Manchev, Pablo Cavallero, Nino, Ze Mar\u00eda, Frederic Deh\u00fa, Salva Ballesta, Manu Herrera and Carmelo G\u00f3nzalez, among many others. . It was undoubtedly the prelude to the most important and recognized stage of <b>Levante UD<\/b> at the hands of <b>Mr. Francisco Catal\u00e1n.<\/b><\/p>\n\t\t\t\t\t\t\t\t<\/div>\n\t\t\t\t<\/div>\n\t\t\t\t<\/div>\n\t\t<div class=\"elementor-element elementor-element-9dc6260 e-con-full e-flex e-con e-child\" data-id=\"9dc6260\" data-element_type=\"container\">\n\t\t\t\t<div class=\"elementor-element elementor-element-5366caa elementor-widget elementor-widget-image\" data-id=\"5366caa\" data-element_type=\"widget\" data-widget_type=\"image.default\">\n\t\t\t\t<div class=\"elementor-widget-container\">\n\t\t\t\t\t\t\t\t\t\t\t\t\t\t\t<img fetchpriority=\"high\" decoding=\"async\" width=\"650\" height=\"513\" src=\"https:\/\/www.emartsoccer.es\/wp-content\/uploads\/2023\/11\/emartsoccer_eduardo_llanos.png\" class=\"attachment-full size-full wp-image-56735\" alt=\"emartsoccer_eduardo_llanos\" \/>\t\t\t\t\t\t\t\t\t\t\t\t\t\t\t<\/div>\n\t\t\t\t<\/div>\n\t\t\t\t<\/div>\n\t\t\t\t<\/div>\n\t\t<div class=\"elementor-element elementor-element-7656cc5 e-con-full e-flex elementor-invisible e-con e-parent\" data-id=\"7656cc5\" data-element_type=\"container\" data-settings=\"{&quot;animation&quot;:&quot;slideInUp&quot;,&quot;animation_delay&quot;:200}\">\n\t\t<div class=\"elementor-element elementor-element-03b4b7d e-con-full e-flex e-con e-child\" data-id=\"03b4b7d\" data-element_type=\"container\">\n\t\t\t\t<div class=\"elementor-element elementor-element-2bd7de0 elementor-widget__width-initial elementor-widget-mobile__width-initial elementor-widget-tablet__width-initial elementor-widget elementor-widget-text-editor\" data-id=\"2bd7de0\" data-element_type=\"widget\" data-widget_type=\"text-editor.default\">\n\t\t\t\t<div class=\"elementor-widget-container\">\n\t\t\t\t\t\t\t\t\t<p>In 2003, <b>Eduardo Llanos<\/b> founded <b>EMART&amp;SOCCER<\/b>, successor to <b>ASESPOR<\/b>, giving a 180 degree turn to his philosophy and implementing the same <b>Levante UD<\/b> method that gave him so much recognition. It incorporated about 14 scouts spread throughout Spain, becoming the pioneer company in attracting talent and professional development of players at the national level. Consolidated footballers such as <b>Carmelo Gonz\u00e1lez, the Castellanos brothers, Roque Mesa, Fabricio Mart\u00edn, \u00c1ngel Rodr\u00edguez, Aridane Santana, Mauro Icardi, Andr\u00e9s Fern\u00e1ndez, Javi \u00c1lamo, Maikel Mesa&#8230;<\/b> emerge from what is already known as the <i><b>Emart&amp;Soccer Academy<\/b><\/i> in the Canary Islands. The same model also enjoys successful implementation in the Balearic Islands, with representatives such as <b>Sergi Enrich and Abd\u00f3n Prats<\/b>; joining Madrid, Catalonia, Navarra, Arag\u00f3n, Euskadi, Extremadura, Valencian Community and La Rioja.<\/p>\n<p>Today <b>EMART&amp;SOCCER<\/b> has become the leading <b>business company in the First Federation and LaLiga Hypermotion (BIG DATA data).<\/b> In turn, the company has created a powerful network of contacts and alliances at an international level, from the United Kingdom, through France, Italy, Portugal, Greece, Cyprus, Israel, Poland and reaching China, Thailand, India, the United Arab Emirates and Saudi Arabia, becoming <b>the company that exports the most soccer players in Spanish soccer.<\/b><\/p>\n\t\t\t\t\t\t\t\t<\/div>\n\t\t\t\t<\/div>\n\t\t\t\t<\/div>\n\t\t<div class=\"elementor-element elementor-element-4ced2ec e-con-full e-flex e-con e-child\" data-id=\"4ced2ec\" data-element_type=\"container\">\n\t\t\t\t<div class=\"elementor-element elementor-element-f8d6e33 elementor-widget elementor-widget-image\" data-id=\"f8d6e33\" data-element_type=\"widget\" data-widget_type=\"image.default\">\n\t\t\t\t<div class=\"elementor-widget-container\">\n\t\t\t\t\t\t\t\t\t\t\t\t\t\t\t<img decoding=\"async\" src=\"https:\/\/www.emartsoccer.es\/wp-content\/uploads\/2021\/12\/pablov\u00e1zquez_vslugo8.jpg\" title=\"\" alt=\"\" loading=\"lazy\" \/>\t\t\t\t\t\t\t\t\t\t\t\t\t\t\t<\/div>\n\t\t\t\t<\/div>\n\t\t\t\t<\/div>\n\t\t\t\t<\/div>\n\t\t\t\t<\/div>\n\t\t","protected":false},"excerpt":{"rendered":"<p>EDUARDO LLANOS key person to understand the professionalization and modernization of the representation of footballers in Spain. In 1987, he began his career as a coach and scout for CD Logro\u00f1\u00e9s in the most glorious and unforgettable time in its history. Promotion and 9 years in First Division being a reference team in Spain at [&hellip;]<\/p>\n","protected":false},"author":7,"featured_media":0,"parent":0,"menu_order":0,"comment_status":"closed","ping_status":"closed","template":"elementor_header_footer","meta":{"footnotes":""},"class_list":["post-57172","page","type-page","status-publish","hentry"],"_links":{"self":[{"href":"https:\/\/www.emartsoccer.es\/en\/wp-json\/wp\/v2\/pages\/57172","targetHints":{"allow":["GET"]}}],"collection":[{"href":"https:\/\/www.emartsoccer.es\/en\/wp-json\/wp\/v2\/pages"}],"about":[{"href":"https:\/\/www.emartsoccer.es\/en\/wp-json\/wp\/v2\/types\/page"}],"author":[{"embeddable":true,"href":"https:\/\/www.emartsoccer.es\/en\/wp-json\/wp\/v2\/users\/7"}],"replies":[{"embeddable":true,"href":"https:\/\/www.emartsoccer.es\/en\/wp-json\/wp\/v2\/comments?post=57172"}],"version-history":[{"count":1,"href":"https:\/\/www.emartsoccer.es\/en\/wp-json\/wp\/v2\/pages\/57172\/revisions"}],"predecessor-version":[{"id":57173,"href":"https:\/\/www.emartsoccer.es\/en\/wp-json\/wp\/v2\/pages\/57172\/revisions\/57173"}],"wp:attachment":[{"href":"https:\/\/www.emartsoccer.es\/en\/wp-json\/wp\/v2\/media?parent=57172"}],"curies":[{"name":"wp","href":"https:\/\/api.w.org\/{rel}","templated":true}]}}

<div data-elementor-type="wp-page" data-elementor-id="57172" class="elementor elementor-57172 elementor-33261" data-elementor-post-type="page">
				<div class="elementor-element elementor-element-6d0f106 e-con-full e-flex e-con e-parent" data-id="6d0f106" data-element_type="container">
				<div class="elementor-element elementor-element-719fe41 animated-slow elementor-invisible elementor-widget elementor-widget-heading" data-id="719fe41" data-element_type="widget" data-settings="{&quot;_animation&quot;:&quot;slideInUp&quot;}" data-widget_type="heading.default">
				<div class="elementor-widget-container">
					<h1 class="elementor-heading-title elementor-size-default">EDUARDO LLANOS</h1>				</div>
				</div>
				<div class="elementor-element elementor-element-e0503fa animated-slow elementor-invisible elementor-widget elementor-widget-heading" data-id="e0503fa" data-element_type="widget" data-settings="{&quot;_animation&quot;:&quot;slideInUp&quot;}" data-widget_type="heading.default">
				<div class="elementor-widget-container">
					<h2 class="elementor-heading-title elementor-size-default">key person to understand the professionalization and modernization of the representation of footballers in Spain.</h2>				</div>
				</div>
				</div>
		<div class="elementor-element elementor-element-8df2d4f e-con-full e-flex elementor-invisible e-con e-parent" data-id="8df2d4f" data-element_type="container" data-settings="{&quot;animation&quot;:&quot;slideInUp&quot;,&quot;animation_delay&quot;:200}">
		<div class="elementor-element elementor-element-1150411 e-con-full e-flex e-con e-child" data-id="1150411" data-element_type="container">
				<div class="elementor-element elementor-element-b78552a elementor-widget__width-initial elementor-widget-mobile__width-initial elementor-widget-tablet__width-initial elementor-widget elementor-widget-text-editor" data-id="b78552a" data-element_type="widget" data-widget_type="text-editor.default">
				<div class="elementor-widget-container">
									<p>In <b>1987</b>, he began his career as a coach and scout for <b>CD Logroñés</b> in the most glorious and unforgettable time in its history. Promotion and 9 years in First Division being a reference team in Spain at the hands of <b>D. Marcos Eguizábal.</b></p>
<p>Starting in March 1991, he decided to turn his career around, creating the representation agency <b>ASESPOR</b> and beginning to work as a <b>FIFA Agent</b>, as a sports consultant and in the design of humble sports teams and structures and achieving success. These are the cases of <b>SD Lemona, CD Calahorra and Amurrio CF.</b></p>
<p>He became one of the first <b>FIFA Agents</b> at the national level and at the same time the youngest of the first batch. At the old offices of the <b>Royal Spanish Football Federation</b>, Alberto Bosch 13 in Madrid, intermediaries such as <b>Fernando Torcal or Roberto Dale</b>, just like him, converged to make their profession official.</p>
<p>From 1994 to 2001, <b>Eduardo Llanos</b> began to grow both in representation and business and opening the doors to international football in <b>Europe and South America.</b> Thanks to this he began to gain the trust of the football governing bodies.</p>
<p>In 2002 he began his work as an advisor at <b>Levante UD</b> under D. <b>Pedro Villarroel,</b> achieving two promotions to the <b>First Division</b>, the promotion of the subsidiary to bronze category and what is most fundamental: the consolidation of the Club, both in the first team and at the base on the national and international scene. He incorporated coaches such as <b>Manolo Preciado, José Manuel Esnal &#8216;Mané&#8217;, José Luis Oltra</b> and footballers such as Fabio Celestini, Vladimir Manchev, Pablo Cavallero, Nino, Ze María, Frederic Dehú, Salva Ballesta, Manu Herrera and Carmelo Gónzalez, among many others. . It was undoubtedly the prelude to the most important and recognized stage of <b>Levante UD</b> at the hands of <b>Mr. Francisco Catalán.</b></p>
								</div>
				</div>
				</div>
		<div class="elementor-element elementor-element-9dc6260 e-con-full e-flex e-con e-child" data-id="9dc6260" data-element_type="container">
				<div class="elementor-element elementor-element-5366caa elementor-widget elementor-widget-image" data-id="5366caa" data-element_type="widget" data-widget_type="image.default">
				<div class="elementor-widget-container">
															<img fetchpriority="high" decoding="async" width="650" height="513" src="https://www.emartsoccer.es/wp-content/uploads/2023/11/emartsoccer_eduardo_llanos.png" class="attachment-full size-full wp-image-56735" alt="emartsoccer_eduardo_llanos" />															</div>
				</div>
				</div>
				</div>
		<div class="elementor-element elementor-element-7656cc5 e-con-full e-flex elementor-invisible e-con e-parent" data-id="7656cc5" data-element_type="container" data-settings="{&quot;animation&quot;:&quot;slideInUp&quot;,&quot;animation_delay&quot;:200}">
		<div class="elementor-element elementor-element-03b4b7d e-con-full e-flex e-con e-child" data-id="03b4b7d" data-element_type="container">
				<div class="elementor-element elementor-element-2bd7de0 elementor-widget__width-initial elementor-widget-mobile__width-initial elementor-widget-tablet__width-initial elementor-widget elementor-widget-text-editor" data-id="2bd7de0" data-element_type="widget" data-widget_type="text-editor.default">
				<div class="elementor-widget-container">
									<p>In 2003, <b>Eduardo Llanos</b> founded <b>EMART&amp;SOCCER</b>, successor to <b>ASESPOR</b>, giving a 180 degree turn to his philosophy and implementing the same <b>Levante UD</b> method that gave him so much recognition. It incorporated about 14 scouts spread throughout Spain, becoming the pioneer company in attracting talent and professional development of players at the national level. Consolidated footballers such as <b>Carmelo González, the Castellanos brothers, Roque Mesa, Fabricio Martín, Ángel Rodríguez, Aridane Santana, Mauro Icardi, Andrés Fernández, Javi Álamo, Maikel Mesa&#8230;</b> emerge from what is already known as the <i><b>Emart&amp;Soccer Academy</b></i> in the Canary Islands. The same model also enjoys successful implementation in the Balearic Islands, with representatives such as <b>Sergi Enrich and Abdón Prats</b>; joining Madrid, Catalonia, Navarra, Aragón, Euskadi, Extremadura, Valencian Community and La Rioja.</p>
<p>Today <b>EMART&amp;SOCCER</b> has become the leading <b>business company in the First Federation and LaLiga Hypermotion (BIG DATA data).</b> In turn, the company has created a powerful network of contacts and alliances at an international level, from the United Kingdom, through France, Italy, Portugal, Greece, Cyprus, Israel, Poland and reaching China, Thailand, India, the United Arab Emirates and Saudi Arabia, becoming <b>the company that exports the most soccer players in Spanish soccer.</b></p>
								</div>
				</div>
				</div>
		<div class="elementor-element elementor-element-4ced2ec e-con-full e-flex e-con e-child" data-id="4ced2ec" data-element_type="container">
				<div class="elementor-element elementor-element-f8d6e33 elementor-widget elementor-widget-image" data-id="f8d6e33" data-element_type="widget" data-widget_type="image.default">
				<div class="elementor-widget-container">
															<img decoding="async" src="https://www.emartsoccer.es/wp-content/uploads/2021/12/pablovázquez_vslugo8.jpg" title="" alt="" loading="lazy" />															</div>
				</div>
				</div>
				</div>
				</div>

<p>EDUARDO LLANOS key person to understand the professionalization and modernization of the representation of footballers in Spain. In 1987, he began his career as a coach and scout for CD Logroñés in the most glorious and unforgettable time in its history. Promotion and 9 years in First Division being a reference team in Spain at [&hellip;]</p>
